{"id":239,"date":"2023-11-24T22:04:44","date_gmt":"2023-11-24T21:04:44","guid":{"rendered":"https:\/\/zephyra.fr\/?page_id=239"},"modified":"2023-11-24T22:06:07","modified_gmt":"2023-11-24T21:06:07","slug":"repertoire","status":"publish","type":"page","link":"https:\/\/zephyra.fr\/index.php\/repertoire\/","title":{"rendered":"R\u00e9pertoire"},"content":{"rendered":"\n<p><strong>CONTEMPORAIN<\/strong><\/p>\n\n\n\n<p><em>Dance of the little dragon<\/em>, extrait de&nbsp;<em>Little Suite of mythologics beings<\/em>, An\u017ee Rozman&nbsp;<\/p>\n\n\n\n<p><em>Raga saat<\/em>, Derek Charke<\/p>\n\n\n\n<p><em>Walk like this<\/em>, Ian Clarke<\/p>\n\n\n\n<p><em>Within<\/em>, Ian Clarke<\/p>\n\n\n\n<p><em>De concert<\/em>, Sophie Dufeutrelle<\/p>\n\n\n\n<p><em>Bach panther<\/em>, St\u00e9phane Delplace, arrangement ZEPHYRA, non-\u00e9dit\u00e9<\/p>\n\n\n\n<p><em>Birds<\/em>, Herman Beektink<\/p>\n\n\n\n<p><em>Dance with me<\/em>, Will Offermans<\/p>\n\n\n\n<p><em>La panth\u00e8re rose<\/em>, Henry Mancini, arrangement ZEPHYRA, non-\u00e9dit\u00e9<\/p>\n\n\n\n<p><strong>XXe<\/strong><\/p>\n\n\n\n<p><em>Les chats<\/em>, Marc Berthomieu<\/p>\n\n\n\n<p><em>Valse n\u00b0 2<\/em> extrait de la&nbsp;<em>Suite Jazz n\u00b0 2<\/em>, Dimitri Chostakovitch, arrangement ZEPHYRA, non-\u00e9dit\u00e9<\/p>\n\n\n\n<p><em>Trois pi\u00e8ces<\/em>, Eug\u00e8ne Bozza<\/p>\n\n\n\n<p><em>Chant des oiseaux<\/em>, Pablo Casals, arrangement ZEPHYRA, non-\u00e9dit\u00e9&nbsp;<\/p>\n\n\n\n<p><em>Suite<\/em>, Paul Gilson, arrangement G\u00e9rard Noack (Editions FILIMBI)<\/p>\n\n\n\n<p><strong>IMPRESSIONNISME<\/strong><\/p>\n\n\n\n<p><em>Pi\u00e8ce en forme de habanera<\/em>, Maurice Ravel<\/p>\n\n\n\n<p><em>Pavane<\/em>, Maurice Ravel<\/p>\n\n\n\n<p><em>Menuet <\/em>extrait de la <em>Petite Suite<\/em>, Claude Debussy, arrangement ZEPHYRA, non-\u00e9dit\u00e9&nbsp;<\/p>\n\n\n\n<p><em>Epigraphes antiques<\/em>, Claude Debussy<\/p>\n\n\n\n<p><strong>ROMANTIQUE<\/strong><\/p>\n\n\n\n<p><em>Merle Blanc<\/em>, Eug\u00e8ne Damar\u00e9, arrangement G\u00e9rard Noack (Editions FILIMBI)<\/p>\n\n\n\n<p><em>Suite <\/em>extrait de <em>Casse-Noisette<\/em>, Piotr Illitch Tchaikovsky<\/p>\n\n\n\n<p><em>Habanera <\/em>extrait de <em>Carmen<\/em>,<em> <\/em>Georges Bizet, arrangement ZEPHYRA, non-\u00e9dit\u00e9&nbsp;<\/p>\n\n\n\n<p><em>Danse macabre<\/em>, Camille Saint-Sa\u00ebns&nbsp;<\/p>\n\n\n\n<p><em>Bacchanale<\/em>, Camille Saint-Sa\u00ebns, arrangement G\u00e9rard Noack (Editions FILIMBI)<\/p>\n\n\n\n<p><em>Marche perse<\/em>, Johann Strauss, arrangement G\u00e9rard Noack (Editions FILIMBI)<\/p>\n\n\n\n<p><em>Danube bleu<\/em>, Johann Strauss<\/p>\n\n\n\n<p><strong>AVANT 1800<\/strong><\/p>\n\n\n\n<p><em>Marche turque<\/em>, Wolfgang Amadeus Mozart, arrangement ZEPHYRA, non-\u00e9dit\u00e9<\/p>\n\n\n\n<p><em>Menuet <\/em>et <em>Rondo <\/em>extrait de la <em>Suite en si mineur<\/em>, Jean-S\u00e9bastien Bach, arrangement ZEPHYRA, non-\u00e9dit\u00e9&nbsp;<\/p>\n\n\n\n<p><strong>MUSIQUE VOCALE<\/strong><\/p>\n\n\n\n<p><em>Vokalstudie<\/em>, Harald Weiss<\/p>\n\n\n\n<p><em>Canon des arbres<\/em>, Steve Waring&nbsp;<\/p>\n\n\n\n<p><em>Berceuse cosaque<\/em>, Traditionnel&nbsp;<\/p>\n","protected":false},"excerpt":{"rendered":"<p>CONTEMPORAIN Dance of the little dragon, extrait de&nbsp;Little Suite of mythologics beings, An\u017ee Rozman&nbsp; Raga saat, Derek Charke Walk like this, Ian Clarke Within, Ian Clarke De concert, Sophie Dufeutrelle Bach panther, St\u00e9phane Delplace, arrangement ZEPHYRA, non-\u00e9dit\u00e9 Birds, Herman Beektink Dance with me, Will Offermans La panth\u00e8re rose, Henry Mancini, arrangement ZEPHYRA, non-\u00e9dit\u00e9 XXe Les [&hellip;]<\/p>\n","protected":false},"author":1,"featured_media":0,"parent":0,"menu_order":0,"comment_status":"closed","ping_status":"closed","template":"","meta":{"footnotes":""},"class_list":["post-239","page","type-page","status-publish","hentry"],"_links":{"self":[{"href":"https:\/\/zephyra.fr\/index.php\/wp-json\/wp\/v2\/pages\/239","targetHints":{"allow":["GET"]}}],"collection":[{"href":"https:\/\/zephyra.fr\/index.php\/wp-json\/wp\/v2\/pages"}],"about":[{"href":"https:\/\/zephyra.fr\/index.php\/wp-json\/wp\/v2\/types\/page"}],"author":[{"embeddable":true,"href":"https:\/\/zephyra.fr\/index.php\/wp-json\/wp\/v2\/users\/1"}],"replies":[{"embeddable":true,"href":"https:\/\/zephyra.fr\/index.php\/wp-json\/wp\/v2\/comments?post=239"}],"version-history":[{"count":2,"href":"https:\/\/zephyra.fr\/index.php\/wp-json\/wp\/v2\/pages\/239\/revisions"}],"predecessor-version":[{"id":241,"href":"https:\/\/zephyra.fr\/index.php\/wp-json\/wp\/v2\/pages\/239\/revisions\/241"}],"wp:attachment":[{"href":"https:\/\/zephyra.fr\/index.php\/wp-json\/wp\/v2\/media?parent=239"}],"curies":[{"name":"wp","href":"https:\/\/api.w.org\/{rel}","templated":true}]}}